{"id":73,"date":"2023-09-19T06:24:17","date_gmt":"2023-09-19T04:24:17","guid":{"rendered":"http:\/\/bttgzgd.cluster028.hosting.ovh.net\/?page_id=73"},"modified":"2024-01-16T16:21:50","modified_gmt":"2024-01-16T15:21:50","slug":"services-pour-les-entreprises","status":"publish","type":"page","link":"https:\/\/vimage.online\/index.php\/services-pour-les-entreprises\/","title":{"rendered":"Mes services pour les entreprises"},"content":{"rendered":"\n<figure class=\"wp-block-image alignfull size-full\"><img loading=\"lazy\" decoding=\"async\" width=\"2400\" height=\"555\" src=\"http:\/\/bttgzgd.cluster028.hosting.ovh.net\/wp-content\/uploads\/2023\/10\/BANDEAU-offres-pros.jpg\" alt=\"Services pour les entreprises\" class=\"wp-image-493\" srcset=\"https:\/\/vimage.online\/wp-content\/uploads\/2023\/10\/BANDEAU-offres-pros.jpg 2400w, https:\/\/vimage.online\/wp-content\/uploads\/2023\/10\/BANDEAU-offres-pros-300x69.jpg 300w, https:\/\/vimage.online\/wp-content\/uploads\/2023\/10\/BANDEAU-offres-pros-1024x237.jpg 1024w, https:\/\/vimage.online\/wp-content\/uploads\/2023\/10\/BANDEAU-offres-pros-768x178.jpg 768w, https:\/\/vimage.online\/wp-content\/uploads\/2023\/10\/BANDEAU-offres-pros-1536x355.jpg 1536w, https:\/\/vimage.online\/wp-content\/uploads\/2023\/10\/BANDEAU-offres-pros-2048x474.jpg 2048w, https:\/\/vimage.online\/wp-content\/uploads\/2023\/10\/BANDEAU-offres-pros-2000x463.jpg 2000w, https:\/\/vimage.online\/wp-content\/uploads\/2023\/10\/BANDEAU-offres-pros-600x139.jpg 600w, https:\/\/vimage.online\/wp-content\/uploads\/2023\/10\/BANDEAU-offres-pros-1200x278.jpg 1200w\" sizes=\"auto, (max-width: 2400px) 100vw, 2400px\" \/><\/figure>\n\n\n\n<div style=\"height:100px\" aria-hidden=\"true\" class=\"wp-block-spacer\"><\/div>\n\n\n\n<h1 class=\"wp-block-heading has-text-align-center has-large-font-size\">Mes services pour les entreprises<\/h1>\n\n\n\n<div style=\"height:30px\" aria-hidden=\"true\" class=\"wp-block-spacer\"><\/div>\n\n\n\n<p>En tant que biographe sociologue exp\u00e9riment\u00e9e, mes services pour les entreprises se distinguent par une m\u00e9thode d&rsquo;entretien narratif unique, enrichie d&rsquo;\u00e9l\u00e9ments historiques et sociologiques. Offrez \u00e0 votre entreprise une voix distinctive et forgez une connexion authentique avec vos clients. Voici mes services pour les entreprises, des r\u00e9cits sur mesure qui transforment votre histoire en une exp\u00e9rience m\u00e9morable.<\/p>\n\n\n\n<div style=\"height:30px\" aria-hidden=\"true\" class=\"wp-block-spacer\"><\/div>\n\n\n\n<h2 class=\"wp-block-heading has-text-align-center has-text-color has-link-color wp-elements-48fca06a3052c5fa45eebe0954bee387\" style=\"color:#304b78;font-size:27px\">Accompagnement sur mesure pour les entreprises<\/h2>\n\n\n\n<div class=\"wp-block-columns is-layout-flex wp-container-core-columns-is-layout-9d6595d7 wp-block-columns-is-layout-flex\">\n<div class=\"wp-block-column is-layout-flow wp-block-column-is-layout-flow\"><\/div>\n\n\n\n<div class=\"wp-block-column is-layout-flow wp-block-column-is-layout-flow\"><div class=\"wp-block-image\">\n<figure class=\"aligncenter size-full is-resized has-custom-border\"><img loading=\"lazy\" decoding=\"async\" width=\"772\" height=\"1377\" src=\"http:\/\/bttgzgd.cluster028.hosting.ovh.net\/wp-content\/uploads\/2023\/12\/Biographie-professonnelle-1.jpg\" alt=\"Biographie professionnelle\" class=\"wp-image-1200\" style=\"border-radius:100px;object-fit:cover;width:170px;height:170px\" srcset=\"https:\/\/vimage.online\/wp-content\/uploads\/2023\/12\/Biographie-professonnelle-1.jpg 772w, https:\/\/vimage.online\/wp-content\/uploads\/2023\/12\/Biographie-professonnelle-1-168x300.jpg 168w, https:\/\/vimage.online\/wp-content\/uploads\/2023\/12\/Biographie-professonnelle-1-574x1024.jpg 574w\" sizes=\"auto, (max-width: 772px) 100vw, 772px\" \/><\/figure>\n<\/div><\/div>\n\n\n\n<div class=\"wp-block-column is-layout-flow wp-block-column-is-layout-flow\"><div class=\"wp-block-image\">\n<figure class=\"aligncenter size-full is-resized has-custom-border\"><img loading=\"lazy\" decoding=\"async\" width=\"768\" height=\"768\" src=\"http:\/\/bttgzgd.cluster028.hosting.ovh.net\/wp-content\/uploads\/2023\/12\/Portrait-pro.jpg\" alt=\"\" class=\"wp-image-1201\" style=\"border-radius:100px;object-fit:cover;width:170px;height:170px\" srcset=\"https:\/\/vimage.online\/wp-content\/uploads\/2023\/12\/Portrait-pro.jpg 768w, https:\/\/vimage.online\/wp-content\/uploads\/2023\/12\/Portrait-pro-300x300.jpg 300w, https:\/\/vimage.online\/wp-content\/uploads\/2023\/12\/Portrait-pro-150x150.jpg 150w\" sizes=\"auto, (max-width: 768px) 100vw, 768px\" \/><\/figure>\n<\/div><\/div>\n\n\n\n<div class=\"wp-block-column is-layout-flow wp-block-column-is-layout-flow\"><\/div>\n<\/div>\n\n\n\n<div class=\"wp-block-columns is-layout-flex wp-container-core-columns-is-layout-9d6595d7 wp-block-columns-is-layout-flex\">\n<div class=\"wp-block-column is-layout-flow wp-block-column-is-layout-flow\"><\/div>\n\n\n\n<div class=\"wp-block-column is-layout-flow wp-block-column-is-layout-flow\">\n<div class=\"wp-block-buttons is-content-justification-center is-layout-flex wp-container-core-buttons-is-layout-16018d1d wp-block-buttons-is-layout-flex\">\n<div class=\"wp-block-button is-style-fill\"><a class=\"wp-block-button__link has-background wp-element-button\" href=\"http:\/\/bttgzgd.cluster028.hosting.ovh.net\/index.php\/portrait-professionnel\/\" style=\"background-color:#304b78\">Portrait professionnel<\/a><\/div>\n<\/div>\n<\/div>\n\n\n\n<div class=\"wp-block-column is-layout-flow wp-block-column-is-layout-flow\">\n<div class=\"wp-block-buttons is-content-justification-center is-layout-flex wp-container-core-buttons-is-layout-16018d1d wp-block-buttons-is-layout-flex\">\n<div class=\"wp-block-button is-style-fill\"><a class=\"wp-block-button__link has-background wp-element-button\" href=\"http:\/\/bttgzgd.cluster028.hosting.ovh.net\/index.php\/biographie-dentreprise\/\" style=\"background-color:#304b78\">Biographie d&rsquo;entreprise<\/a><\/div>\n<\/div>\n<\/div>\n\n\n\n<div class=\"wp-block-column is-layout-flow wp-block-column-is-layout-flow\"><\/div>\n<\/div>\n\n\n\n<div style=\"height:100px\" aria-hidden=\"true\" class=\"wp-block-spacer\"><\/div>\n","protected":false},"excerpt":{"rendered":"<p>Mes services pour les entreprises En tant que biographe sociologue exp\u00e9riment\u00e9e, mes services pour les entreprises se distinguent par une m\u00e9thode d&rsquo;entretien narratif unique, enrichie d&rsquo;\u00e9l\u00e9ments historiques et sociologiques. Offrez \u00e0 votre entreprise une voix distinctive et forgez une connexion authentique avec vos clients. Voici mes services pour les entreprises, des r\u00e9cits sur mesure qui [&hellip;]<\/p>\n","protected":false},"author":1,"featured_media":493,"parent":0,"menu_order":0,"comment_status":"closed","ping_status":"closed","template":"","meta":{"footnotes":""},"class_list":["post-73","page","type-page","status-publish","has-post-thumbnail","hentry","entry","has-media"],"yoast_head":"<!-- This site is optimized with the Yoast SEO plugin v27.4 - https:\/\/yoast.com\/product\/yoast-seo-wordpress\/ -->\n<title>Mes services pour les entreprises - Vimage<\/title>\n<meta name=\"description\" content=\"Boostez votre entreprise avec des services sur mesure : biographies, portraits... D\u00e9couvrez mes services pour les entreprises\" \/>\n<meta name=\"robots\" content=\"index, follow, max-snippet:-1, max-image-preview:large, max-video-preview:-1\" \/>\n<link rel=\"canonical\" href=\"https:\/\/vimage.online\/index.php\/services-pour-les-entreprises\/\" \/>\n<meta property=\"og:locale\" content=\"fr_FR\" \/>\n<meta property=\"og:type\" content=\"article\" \/>\n<meta property=\"og:title\" content=\"Mes services pour les entreprises - Vimage\" \/>\n<meta property=\"og:description\" content=\"Boostez votre entreprise avec des services sur mesure : biographies, portraits... D\u00e9couvrez mes services pour les entreprises\" \/>\n<meta property=\"og:url\" content=\"https:\/\/vimage.online\/index.php\/services-pour-les-entreprises\/\" \/>\n<meta property=\"og:site_name\" content=\"Vimage\" \/>\n<meta property=\"article:modified_time\" content=\"2024-01-16T15:21:50+00:00\" \/>\n<meta property=\"og:image\" content=\"https:\/\/vimage.online\/wp-content\/uploads\/2023\/10\/BANDEAU-offres-pros.jpg\" \/>\n\t<meta property=\"og:image:width\" content=\"2400\" \/>\n\t<meta property=\"og:image:height\" content=\"555\" \/>\n\t<meta property=\"og:image:type\" content=\"image\/jpeg\" \/>\n<meta name=\"twitter:card\" content=\"summary_large_image\" \/>\n<meta name=\"twitter:label1\" content=\"Dur\u00e9e de lecture estim\u00e9e\" \/>\n\t<meta name=\"twitter:data1\" content=\"2 minutes\" \/>\n<script type=\"application\/ld+json\" class=\"yoast-schema-graph\">{\"@context\":\"https:\\\/\\\/schema.org\",\"@graph\":[{\"@type\":\"WebPage\",\"@id\":\"https:\\\/\\\/vimage.online\\\/index.php\\\/services-pour-les-entreprises\\\/\",\"url\":\"https:\\\/\\\/vimage.online\\\/index.php\\\/services-pour-les-entreprises\\\/\",\"name\":\"Mes services pour les entreprises - Vimage\",\"isPartOf\":{\"@id\":\"https:\\\/\\\/vimage.online\\\/#website\"},\"primaryImageOfPage\":{\"@id\":\"https:\\\/\\\/vimage.online\\\/index.php\\\/services-pour-les-entreprises\\\/#primaryimage\"},\"image\":{\"@id\":\"https:\\\/\\\/vimage.online\\\/index.php\\\/services-pour-les-entreprises\\\/#primaryimage\"},\"thumbnailUrl\":\"https:\\\/\\\/vimage.online\\\/wp-content\\\/uploads\\\/2023\\\/10\\\/BANDEAU-offres-pros.jpg\",\"datePublished\":\"2023-09-19T04:24:17+00:00\",\"dateModified\":\"2024-01-16T15:21:50+00:00\",\"description\":\"Boostez votre entreprise avec des services sur mesure : biographies, portraits... D\u00e9couvrez mes services pour les entreprises\",\"breadcrumb\":{\"@id\":\"https:\\\/\\\/vimage.online\\\/index.php\\\/services-pour-les-entreprises\\\/#breadcrumb\"},\"inLanguage\":\"fr-FR\",\"potentialAction\":[{\"@type\":\"ReadAction\",\"target\":[\"https:\\\/\\\/vimage.online\\\/index.php\\\/services-pour-les-entreprises\\\/\"]}]},{\"@type\":\"ImageObject\",\"inLanguage\":\"fr-FR\",\"@id\":\"https:\\\/\\\/vimage.online\\\/index.php\\\/services-pour-les-entreprises\\\/#primaryimage\",\"url\":\"https:\\\/\\\/vimage.online\\\/wp-content\\\/uploads\\\/2023\\\/10\\\/BANDEAU-offres-pros.jpg\",\"contentUrl\":\"https:\\\/\\\/vimage.online\\\/wp-content\\\/uploads\\\/2023\\\/10\\\/BANDEAU-offres-pros.jpg\",\"width\":2400,\"height\":555,\"caption\":\"Services pour les entreprises\"},{\"@type\":\"BreadcrumbList\",\"@id\":\"https:\\\/\\\/vimage.online\\\/index.php\\\/services-pour-les-entreprises\\\/#breadcrumb\",\"itemListElement\":[{\"@type\":\"ListItem\",\"position\":1,\"name\":\"Accueil\",\"item\":\"https:\\\/\\\/vimage.online\\\/\"},{\"@type\":\"ListItem\",\"position\":2,\"name\":\"Mes services pour les entreprises\"}]},{\"@type\":\"WebSite\",\"@id\":\"https:\\\/\\\/vimage.online\\\/#website\",\"url\":\"https:\\\/\\\/vimage.online\\\/\",\"name\":\"Vimage\",\"description\":\"La biographie autrement\",\"publisher\":{\"@id\":\"https:\\\/\\\/vimage.online\\\/#organization\"},\"potentialAction\":[{\"@type\":\"SearchAction\",\"target\":{\"@type\":\"EntryPoint\",\"urlTemplate\":\"https:\\\/\\\/vimage.online\\\/?s={search_term_string}\"},\"query-input\":{\"@type\":\"PropertyValueSpecification\",\"valueRequired\":true,\"valueName\":\"search_term_string\"}}],\"inLanguage\":\"fr-FR\"},{\"@type\":\"Organization\",\"@id\":\"https:\\\/\\\/vimage.online\\\/#organization\",\"name\":\"Vimage\",\"url\":\"https:\\\/\\\/vimage.online\\\/\",\"logo\":{\"@type\":\"ImageObject\",\"inLanguage\":\"fr-FR\",\"@id\":\"https:\\\/\\\/vimage.online\\\/#\\\/schema\\\/logo\\\/image\\\/\",\"url\":\"https:\\\/\\\/vimage.online\\\/wp-content\\\/uploads\\\/2023\\\/09\\\/cropped-cropped-cropped-LOGO-Vimage.png\",\"contentUrl\":\"https:\\\/\\\/vimage.online\\\/wp-content\\\/uploads\\\/2023\\\/09\\\/cropped-cropped-cropped-LOGO-Vimage.png\",\"width\":3503,\"height\":2198,\"caption\":\"Vimage\"},\"image\":{\"@id\":\"https:\\\/\\\/vimage.online\\\/#\\\/schema\\\/logo\\\/image\\\/\"}}]}<\/script>\n<!-- \/ Yoast SEO plugin. -->","yoast_head_json":{"title":"Mes services pour les entreprises - Vimage","description":"Boostez votre entreprise avec des services sur mesure : biographies, portraits... D\u00e9couvrez mes services pour les entreprises","robots":{"index":"index","follow":"follow","max-snippet":"max-snippet:-1","max-image-preview":"max-image-preview:large","max-video-preview":"max-video-preview:-1"},"canonical":"https:\/\/vimage.online\/index.php\/services-pour-les-entreprises\/","og_locale":"fr_FR","og_type":"article","og_title":"Mes services pour les entreprises - Vimage","og_description":"Boostez votre entreprise avec des services sur mesure : biographies, portraits... D\u00e9couvrez mes services pour les entreprises","og_url":"https:\/\/vimage.online\/index.php\/services-pour-les-entreprises\/","og_site_name":"Vimage","article_modified_time":"2024-01-16T15:21:50+00:00","og_image":[{"width":2400,"height":555,"url":"https:\/\/vimage.online\/wp-content\/uploads\/2023\/10\/BANDEAU-offres-pros.jpg","type":"image\/jpeg"}],"twitter_card":"summary_large_image","twitter_misc":{"Dur\u00e9e de lecture estim\u00e9e":"2 minutes"},"schema":{"@context":"https:\/\/schema.org","@graph":[{"@type":"WebPage","@id":"https:\/\/vimage.online\/index.php\/services-pour-les-entreprises\/","url":"https:\/\/vimage.online\/index.php\/services-pour-les-entreprises\/","name":"Mes services pour les entreprises - Vimage","isPartOf":{"@id":"https:\/\/vimage.online\/#website"},"primaryImageOfPage":{"@id":"https:\/\/vimage.online\/index.php\/services-pour-les-entreprises\/#primaryimage"},"image":{"@id":"https:\/\/vimage.online\/index.php\/services-pour-les-entreprises\/#primaryimage"},"thumbnailUrl":"https:\/\/vimage.online\/wp-content\/uploads\/2023\/10\/BANDEAU-offres-pros.jpg","datePublished":"2023-09-19T04:24:17+00:00","dateModified":"2024-01-16T15:21:50+00:00","description":"Boostez votre entreprise avec des services sur mesure : biographies, portraits... D\u00e9couvrez mes services pour les entreprises","breadcrumb":{"@id":"https:\/\/vimage.online\/index.php\/services-pour-les-entreprises\/#breadcrumb"},"inLanguage":"fr-FR","potentialAction":[{"@type":"ReadAction","target":["https:\/\/vimage.online\/index.php\/services-pour-les-entreprises\/"]}]},{"@type":"ImageObject","inLanguage":"fr-FR","@id":"https:\/\/vimage.online\/index.php\/services-pour-les-entreprises\/#primaryimage","url":"https:\/\/vimage.online\/wp-content\/uploads\/2023\/10\/BANDEAU-offres-pros.jpg","contentUrl":"https:\/\/vimage.online\/wp-content\/uploads\/2023\/10\/BANDEAU-offres-pros.jpg","width":2400,"height":555,"caption":"Services pour les entreprises"},{"@type":"BreadcrumbList","@id":"https:\/\/vimage.online\/index.php\/services-pour-les-entreprises\/#breadcrumb","itemListElement":[{"@type":"ListItem","position":1,"name":"Accueil","item":"https:\/\/vimage.online\/"},{"@type":"ListItem","position":2,"name":"Mes services pour les entreprises"}]},{"@type":"WebSite","@id":"https:\/\/vimage.online\/#website","url":"https:\/\/vimage.online\/","name":"Vimage","description":"La biographie autrement","publisher":{"@id":"https:\/\/vimage.online\/#organization"},"potentialAction":[{"@type":"SearchAction","target":{"@type":"EntryPoint","urlTemplate":"https:\/\/vimage.online\/?s={search_term_string}"},"query-input":{"@type":"PropertyValueSpecification","valueRequired":true,"valueName":"search_term_string"}}],"inLanguage":"fr-FR"},{"@type":"Organization","@id":"https:\/\/vimage.online\/#organization","name":"Vimage","url":"https:\/\/vimage.online\/","logo":{"@type":"ImageObject","inLanguage":"fr-FR","@id":"https:\/\/vimage.online\/#\/schema\/logo\/image\/","url":"https:\/\/vimage.online\/wp-content\/uploads\/2023\/09\/cropped-cropped-cropped-LOGO-Vimage.png","contentUrl":"https:\/\/vimage.online\/wp-content\/uploads\/2023\/09\/cropped-cropped-cropped-LOGO-Vimage.png","width":3503,"height":2198,"caption":"Vimage"},"image":{"@id":"https:\/\/vimage.online\/#\/schema\/logo\/image\/"}}]}},"_links":{"self":[{"href":"https:\/\/vimage.online\/index.php\/wp-json\/wp\/v2\/pages\/73","targetHints":{"allow":["GET"]}}],"collection":[{"href":"https:\/\/vimage.online\/index.php\/wp-json\/wp\/v2\/pages"}],"about":[{"href":"https:\/\/vimage.online\/index.php\/wp-json\/wp\/v2\/types\/page"}],"author":[{"embeddable":true,"href":"https:\/\/vimage.online\/index.php\/wp-json\/wp\/v2\/users\/1"}],"replies":[{"embeddable":true,"href":"https:\/\/vimage.online\/index.php\/wp-json\/wp\/v2\/comments?post=73"}],"version-history":[{"count":14,"href":"https:\/\/vimage.online\/index.php\/wp-json\/wp\/v2\/pages\/73\/revisions"}],"predecessor-version":[{"id":1415,"href":"https:\/\/vimage.online\/index.php\/wp-json\/wp\/v2\/pages\/73\/revisions\/1415"}],"wp:featuredmedia":[{"embeddable":true,"href":"https:\/\/vimage.online\/index.php\/wp-json\/wp\/v2\/media\/493"}],"wp:attachment":[{"href":"https:\/\/vimage.online\/index.php\/wp-json\/wp\/v2\/media?parent=73"}],"curies":[{"name":"wp","href":"https:\/\/api.w.org\/{rel}","templated":true}]}}